*2 - 3*x + 1. Suppose -50*w - 21*w + 355 = 0. Give d(w).
-14
Let n(w) = -2*w**3 - 9*w**2 + 4*w + 5. Let x be n(-7). Let p = 222 - x. Let z(l) = l**2 + l - 1. Give z(p).
-1
Let x(l) be the first derivative of -25 - 15*l**2 + 6*l - 31 + 16*l**2. What is x(5)?
16
Let o(x) be the second derivative of -1/6*x**3 + 25*x - 1/2*x**2 + 0. Let j = 36 + -36. What is o(j)?
-1
Let t(b) be the first derivative of b + 7/2*b**2 - 3. Let u be 69/(-92) - (0 + 5/20). What is t(u)?
-6
Let z(s) = -11*s + 509. Let y be z(46). Let c(u) = -2*u**2 - 2*u + 1. Let a(m) = -3*m**2 - 2*m + 2. Let n = -18 - -15. Let x(q) = n*a(q) + 4*c(q). What is x(y)?
1
Suppose 12 = -4*q, 4*x + 2 = -4*q - 6. Let h(l) = l - 1 - 2*l**3 - 7*l**3 - 4*l**3 + 9*l**3 - l**2. Calculate h(x).
-5
Let g(q) = 18*q + 34. Let s = 78 + -87. Let j be g(s). Let i = 131 + j. Let u(o) = -3*o**2 + o. Give u(i).
-24
Suppose 0 - 2 = -p. Let f(s) = 4 - 3 - s**p - 8*s + 6. Let k be (4/(-6)*(-855)/2280)/(((-10)/(-72))/(-5)). What is f(k)?
-2
Let r(n) = -47*n**2 + 2*n - 25. Let v(l) = -40*l**2 + 2*l - 24. Let b(i) = -6*r(i) + 7*v(i). Calculate b(3).
6
Let a(f) = -9*f + 2. Suppose 0 = 3*m - 221 + 101. Let o be 3*((6 - 1) + m/(-10)). Calculate a(o).
-25
Let o(g) = 6 - 9*g + 20*g**2 - 5*g**2 - 8*g**2 - 8*g**2 + 4*g. Calculate o(2).
-8
Let x(q) = -q**3 - 12*q**2 - 2*q - 30. Let z(h) = 3*h**3 - 12*h**2 - 3*h. Let l be z(4). What is x(l)?
-6
Let y(p) = p**2 - 2*p + 9. Let q be y(0). Suppose -q*b = -10*b + 7. Let m(u) = u - 4*u + b - 2*u + 3*u. Calculate m(5).
-3
Let i(u) be the first derivative of u**2 + 2*u - 3. Let f(k) = 2*k**2 - 2*k - 17*k**2 + k**3 - 15 + 42. Let y be f(15). Determine i(y).
-4
Let i(j) = -2*j**2 - 3*j + 1. Let u(b) = b**2. Let s(k) = 6*i(k) + 13*u(k). Give s(18).
6
Let w be -11 + 51*(-5)/(-15). Let c(q) be the first derivative of -12 - w*q + 1/2*q**2. Determine c(-6).
-12
Suppose -255 = -2*j + z, 2*j + 3*z - 117 = j. Suppose -18*m + 0 = -j. Let w(c) = c + 5. Determine w(m).
12
Let n(g) = 9035*g**3 + g - 4*g**2 - 9034*g**3 + 24*g**2 + 10. Give n(-20).
-10
Let t(l) be the third derivative of l**4/8 + 26*l**3/3 - 31*l**2 + 33*l. What is t(-19)?
-5
Let t = 4778 + -4781. Let i(v) be the third derivative of v**4/24 + 7*v**3/6 + 2*v**2. What is i(t)?
4
Let x = 287 - 278. Suppose 12*w - x = 39. Let c(l) = -1 - 8*l + 5 + 4*l. Calculate c(w).
-12
Let j be (13*28/(-546))/(-2*2/6). Let u(z) = 85*z. Give u(j).
85
Let c(m) = 3*m**3 + m**2 - m + 2. Let r(s) = -s**2 - 18*s - 33. Let b be r(-16). Let y be b*316/(-6) - 18/27. Let d = -54 + y. What is c(d)?
-16
Let n(p) be the second derivative of -4*p**3/3 + 21*p**2 + 1785*p. Determine n(5).
2
Let r = -33044 + 33051. Let y(c) be the third derivative of c**4/24 - c**3/3 - c**2. Give y(r).
5
Let m(j) = -j**3 - 6*j**2 + 5*j - 7. Let h(x) = x**3 + 18*x**2 + 4*x + 39. Let d be h(-18). Let k = 8 + 18. Let g = d + k. Calculate m(g).
7
Let h(b) = -843*b + 2*b**2 - 4 + 1 - 8 - b**2 + 842*b. Give h(-4).
9
Let b(d) = 4*d**2 + 8*d + 6. Suppose -5*w = -10*w + 20. Let a(o) = 3*o**2 + 7*o + 5. Let u(p) = w*b(p) - 5*a(p). Let l(t) = 2*t - 1. Let f be l(3). Give u(f).
9
Let o(g) be the first derivative of g**2 + g - 29. Let d(i) = -5*i - 7. Let l(a) = -d(a) - 2*o(a). Give l(-5).
0
Let b(i) = 3*i**2 + 47*i + 57. Let m(h) = 4*h**3 + 384*h**2 - 2*h - 206. Let s be m(-96). What is b(s)?
-13
Let s(v) = -v**2 + 26*v - 73. Suppose 454 = 19*y + 12*x - 14*x, 3*y - 77 = -5*x. Calculate s(y).
-25
Let y(n) = 3*n**2 - 73*n - 11 + 59*n - n**3 - 9*n**2 + 3*n. Give y(-5).
19
Let w(f) = -f**2 - f + 5. Let v(z) = -21*z - 26*z + 101*z - 17 + 3*z**2 - 4*z. Let i be v(-17). Calculate w(i).
5
Let p(v) = v**3 - 2*v**2 + 4. Suppose -38*i + 39*i - 4 = 0. Let l be p(i). Let c(z) = 47 + l + 3*z - 92. Give c(6).
9
Let s(v) be the first derivative of v**5/120 - 5*v**4/24 + 134*v**3/3 + 140. Let c(p) be the third derivative of s(p). Determine c(6).
1
Let y(a) be the first derivative of 6*a**2 + 100*a - 2176. Determine y(-9).
-8
Let j(s) be the first derivative of s**7/840 - s**6/180 - s**5/60 - s**4/12 - 65*s**3/3 - 71. Let q(w) be the third derivative of j(w). Give q(3).
1
Let n be (15/(-9))/(665/7182). Let t(a) = a**2 + 3*a - 252. What is t(n)?
18
Let h(m) be the first derivative of m**4/4 + m**3 + 3*m**2/2 + 4*m + 5115. Let z(v) = -2*v**2 - 2*v + 1. Let d be z(-2). Calculate h(d).
-5
Let w(n) be the second derivative of n**5/20 - 11*n**4/12 + 3*n**3/2 + 3*n**2 + 8*n + 83. Determine w(10).
-4
Suppose 5 = x - 3. Let y(z) = 284939*z**3 + 1 - 142472*z**3 - 142468*z**3 + 7*z**2 + 8*z. Give y(x).
1
Let t(x) = 11*x + 2*x**3 - 7 - x**3 - 3 + 13*x**2 + 2. Suppose 0 = 5*v - 5*n - 26 + 61, -2*v - 44 = 4*n. What is t(v)?
4
Suppose -14 = -2*c - n - 3, -27 = -4*c - 3*n. Suppose -c = 3*o - m - 22, 2*m + 8 = 0. Let w(k) be the first derivative of k**2/2 - 10*k - 1. Calculate w(o).
-5
Let o(v) be the first derivative of -5*v**2/2 - 4*v - 228. Suppose w + 13 = -3*u, 2*u - u + 4*w + 8 = 0. What is o(u)?
16
Suppose -v + 4*f + 14 = 0, 5*f - 4 = -19. Let l(d) = -3*d**3 - 17*d**2 + 7*d - 7. Let c(y) = y**3 + 8*y**2 - 4*y + 4. Let g(m) = v*l(m) + 5*c(m). What is g(4)?
14
Let s = 5877 + -5875. Let z(j) = j**3 - 4*j**2 + 5*j - 5. Determine z(s).
-3
Suppose 178*b - 58 = 67 + 231. Let q(r) = r**3 - 9*r**2 + 5*r - 1. Calculate q(b).
-19
Suppose 0 = 4*t - 4, 2*p + 2*t = 3*t - 7. Let c(b) = -7*b - 37. What is c(p)?
-16
Let o(w) = 3*w - 45. Let c be o(16). Suppose u + 19 - 6 = c*f, 1 = -u. Let a be (f/2)/((-1)/(-2)). Let x(m) = -m**3 + 4*m**2 - 2*m - 2. Calculate x(a).
-10
Let o(q) be the first derivative of -7*q**2/2 + 9*q + 305. What is o(1)?
2
Let k(z) = -2*z - 5. Let i(x) = -6*x**3 + 26*x**2 + 26*x + 17. Let j(s) = -7*s**3 + 26*s**2 + 26*s + 16. Let c(r) = 6*i(r) - 5*j(r). Let t be c(27). Give k(t).
5
Suppose 0 = j - 3, -v + 0*v - 4*j = -794. Let u(l) = 2 + l**3 - 786*l + 1557*l - v*l - 7*l**2. What is u(8)?
-22
Let w(k) = 1272*k + 8. Let p(n) = 1131*n + 7. Let a(m) = 9*p(m) - 8*w(m). Determine a(0).
-1
Let x = -14 - -9. Let r(j) = j**2 - 7*j + 8. Let a be r(6). Let h(w) = -5*w + a*w + 4*w. Give h(x).
-5
Let h(w) = 6*w - 14. Let p = -5328 - -5332. What is h(p)?
10
Let r be (-3)/12*10 - (-15)/(-10). Let q(m) = -4*m - 17. Let d(f) = 2*f + 9. Let p(b) = 11*d(b) + 6*q(b). Determine p(r).
5
Suppose -37*c = -39*c + 4. Let a(g) = 3*g**c - 5*g**2 - 3*g - 11*g + 3*g**2 + 12*g + g**3. Give a(2).
8
Suppose 4*k + z = -19, -2*k - z = -4*z - 1. Let t(u) = u**3 + 3*u**2 - 2*u + 12. Give t(k).
4
Suppose 2192*v + 48 = 2195*v + 5*w, -5*w + 30 = 0. Let i(m) be the first derivative of m**4/4 - 2*m**3 + 5*m**2 - 8*m - 8. Calculate i(v).
52
Let c(u) be the third derivative of -u**5/60 - 5*u**4/12 + 26*u**3/3 + 7*u**2 + u + 22. Determine c(-14).
-4
Let i(p) = -4*p**2 + 2*p + 39. Let j(w) = 9*w**2 - 4*w - 76. Let f(l) = -5*i(l) - 2*j(l). Let z(y) be the first derivative of f(y). Give z(-2).
-10
Let n(k) = k**3 - 15*k**2 + 11*k + 44. Let l(t) = -27*t - 715. Let r be l(-27). What is n(r)?
2
Let m(q) = -4*q - 14. Let v(b) = 3*b + 13. Let k(l) = 4*m(l) + 5*v(l). Let u = 2056 - 2045. Determine k(u).
-2
Let n(x) = -4*x**2 + 1. Let d(s) = -30*s**2 - 33*s**2 + 2*s**3 + 79*s**2 - 19*s - 8. Let y be d(-9). What is n(y)?
-3
Let p(w) = 33*w - 274. Suppose j + 5*h + 41 = 3*j, 6*j = -4*h + 28. Calculate p(j).
-10
Let b(l) = l + 12. Suppose 18 - 2 = -4*p. Let w be b(p). Let n(z) be the third derivative of -z**4/24 + 5*z**3/2 + z**2 - 21. Calculate n(w).
7
Let c(s) be the first derivative of 7*s**3/3 + 25*s**2/2 - 6*s - 7653. Give c(-4).
6
Let y(i) be the second derivative of 0 + 0*i**2 + 25*i - 1/4*i**4 - 1/20*i**5 + 1/6*i**3. Let o = 55 - 58. What is y(o)?
-3
Let g(i) be the first derivative of i**4/2 - i**2 - i - 257. What is g(0)?
-1
Let k(d) = -d**3 + 7*d**2 - 5*d - 7. Let p(l) be the third derivative of l**4/24 + 8*l**3/3 - 36*l**2. Let n be p(-10). Suppose -n*w - 2 = -38. Determine k(w).
-1
Suppose 0 = -5*p + 2*p + 9. Let m be (610/(-40) + 16)/((-6)/(-16)). Let h(u) = -8 + u**p - 6 + 15 - 4*u**m. Calculate h(4).
1
Suppose 5*t - 2*t + 16 = -r, 4*t - 3*r + 4 = 0. Let f(l) = 12*l**2 - 8*l + 4. Let o(s) = 7*s**2 - 4*s + 3. Let g(n) = t*f(n) + 7*o(n). Give g(-4).
5
Let i(t) = -74*t + 156*t - t**2 - 75*t - 2. Let u = 10 + -4. Determine i(u).
4
Suppose 1 = -5*o - 4, -4*r 